{"id":2059,"date":"2026-09-03T09:08:41","date_gmt":"2026-09-03T09:08:41","guid":{"rendered":"https:\/\/hajduszoboszlo.hu\/?post_type=rendezveny&#038;p=2059"},"modified":"2026-09-03T09:08:41","modified_gmt":"2026-09-03T09:08:41","slug":"adventni-kreativni-trh","status":"publish","type":"rendezveny","link":"https:\/\/hajduszoboszlo.hu\/cs\/rendezveny\/adventi-kreativ-market\/","title":{"rendered":"Adventn\u00ed kreativn\u00ed trh"},"content":{"rendered":"<p class=\"wp-block-paragraph\"><strong>12. prosince se do M\u011bstsk\u00e9ho kulturn\u00edho centra M\u00e1t\u00e9 Kov\u00e1cs vkradne opravdov\u00e1 adventn\u00ed atmosf\u00e9ra.<\/strong> Na adventn\u00edm kreativn\u00edm trhu si mohou n\u00e1v\u0161t\u011bvn\u00edci vyb\u00edrat z jedine\u010dn\u00fdch v\u00fdrobk\u016f m\u00edstn\u00edch i okoln\u00edch \u0159emesln\u00edk\u016f, kter\u00e9 byly vyrobeny s l\u00e1skou.<\/p>\n\n\n\n<p class=\"wp-block-paragraph\">Trh je skv\u011blou p\u0159\u00edle\u017eitost\u00ed k tomu, abychom na\u0161li origin\u00e1ln\u00ed v\u00e1no\u010dn\u00ed d\u00e1rky a z\u00e1rove\u0148 se pono\u0159ili do \u00fatuln\u00e9 atmosf\u00e9ry sv\u00e1te\u010dn\u00edch p\u0159\u00edprav.<\/p>\n\n\n\n<p class=\"wp-block-paragraph\"><strong>Datum<\/strong><br>12. prosince 2026, 10:00\u201319:00<br><strong>Um\u00edst\u011bn\u00ed<\/strong><br>M\u011bstsk\u00e9 kulturn\u00ed st\u0159edisko a knihovna Kov\u00e1cs M\u00e1t\u00e9<\/p>\n\n\n\n<p class=\"wp-block-paragraph\"><strong>Vstup je zdarma.<\/strong><\/p>\n\n\n\n<p class=\"wp-block-paragraph\">Dal\u0161\u00ed podrobnosti brzy.<\/p>","protected":false},"featured_media":0,"template":"","rendezveny_kategoria":[172,252,179],"rendezveny_idojaras":[182],"rendezveny_celcsoport":[184,185,186,187,188],"rendezveny_megkozelites":[],"class_list":["post-2059","rendezveny","type-rendezveny","status-publish","hentry","rendezveny_kategoria-helyi","rendezveny_kategoria-ingyenes","rendezveny_kategoria-unnep","rendezveny_idojaras-fedett-helyen","rendezveny_celcsoport-csaladoknak","rendezveny_celcsoport-fiataloknak","rendezveny_celcsoport-gyerekeknek","rendezveny_celcsoport-paroknak","rendezveny_celcsoport-szenioroknak"],"acf":[],"_links":{"self":[{"href":"https:\/\/hajduszoboszlo.hu\/cs\/wp-json\/wp\/v2\/rendezveny\/2059","targetHints":{"allow":["GET"]}}],"collection":[{"href":"https:\/\/hajduszoboszlo.hu\/cs\/wp-json\/wp\/v2\/rendezveny"}],"about":[{"href":"https:\/\/hajduszoboszlo.hu\/cs\/wp-json\/wp\/v2\/types\/rendezveny"}],"wp:attachment":[{"href":"https:\/\/hajduszoboszlo.hu\/cs\/wp-json\/wp\/v2\/media?parent=2059"}],"wp:term":[{"taxonomy":"rendezveny_kategoria","embeddable":true,"href":"https:\/\/hajduszoboszlo.hu\/cs\/wp-json\/wp\/v2\/rendezveny_kategoria?post=2059"},{"taxonomy":"rendezveny_idojaras","embeddable":true,"href":"https:\/\/hajduszoboszlo.hu\/cs\/wp-json\/wp\/v2\/rendezveny_idojaras?post=2059"},{"taxonomy":"rendezveny_celcsoport","embeddable":true,"href":"https:\/\/hajduszoboszlo.hu\/cs\/wp-json\/wp\/v2\/rendezveny_celcsoport?post=2059"},{"taxonomy":"rendezveny_megkozelites","embeddable":true,"href":"https:\/\/hajduszoboszlo.hu\/cs\/wp-json\/wp\/v2\/rendezveny_megkozelites?post=2059"}],"curies":[{"name":"wp","href":"https:\/\/api.w.org\/{rel}","templated":true}]}}

Adventní kreativní trh

<p class="wp-block-paragraph"><strong>12. prosince se do Městského kulturního centra Máté Kovács vkradne opravdová adventní atmosféra.</strong> Na adventním kreativním trhu si mohou návštěvníci vybírat z jedinečných výrobků místních i okolních řemeslníků, které byly vyrobeny s láskou.</p>



<p class="wp-block-paragraph">Trh je skvělou příležitostí k tomu, abychom našli originální vánoční dárky a zároveň se ponořili do útulné atmosféry svátečních příprav.</p>



<p class="wp-block-paragraph"><strong>Datum</strong><br>12. prosince 2026, 10:00–19:00<br><strong>Umístění</strong><br>Městské kulturní středisko a knihovna Kovács Máté</p>



<p class="wp-block-paragraph"><strong>Vstup je zdarma.</strong></p>



<p class="wp-block-paragraph">Další podrobnosti brzy.</p>
