{"id":2059,"date":"2026-09-03T09:08:41","date_gmt":"2026-09-03T09:08:41","guid":{"rendered":"https:\/\/hajduszoboszlo.hu\/?post_type=rendezveny&#038;p=2059"},"modified":"2026-09-03T09:08:41","modified_gmt":"2026-09-03T09:08:41","slug":"adwentowy-targ-kreatywny","status":"publish","type":"rendezveny","link":"https:\/\/hajduszoboszlo.hu\/pl\/rendezveny\/adventi-kreativ-market\/","title":{"rendered":"Adwentowy targ kreatywny"},"content":{"rendered":"<p class=\"wp-block-paragraph\"><strong>12 grudnia w Miejskim Centrum Kultury im. M\u00e1t\u00e9 Kov\u00e1csa zapanuje prawdziwa atmosfera adwentu.<\/strong> Na Adwentowym Targu Kreatywnym go\u015bcie mog\u0105 wybiera\u0107 spo\u015br\u00f3d unikalnych, wykonanych z sercem produkt\u00f3w lokalnych i okolicznych rzemie\u015blnik\u00f3w.<\/p>\n\n\n\n<p class=\"wp-block-paragraph\">Jarmark to \u015bwietna okazja, by znale\u017a\u0107 wyj\u0105tkowe prezenty \u015bwi\u0105teczne, zanurzaj\u0105c si\u0119 jednocze\u015bnie w kameralnej atmosferze przed\u015bwi\u0105tecznych przygotowa\u0144.<\/p>\n\n\n\n<p class=\"wp-block-paragraph\"><strong>Data<\/strong><br>12 grudnia 2026 r., godz. 10:00\u201319:00<br><strong>Lokalizacja<\/strong><br>Miejskie Centrum Kultury i Biblioteka Kov\u00e1cs M\u00e1t\u00e9<\/p>\n\n\n\n<p class=\"wp-block-paragraph\"><strong>Wst\u0119p jest bezp\u0142atny.<\/strong><\/p>\n\n\n\n<p class=\"wp-block-paragraph\">Wi\u0119cej szczeg\u00f3\u0142\u00f3w wkr\u00f3tce.<\/p>","protected":false},"featured_media":0,"template":"","rendezveny_kategoria":[172,252,179],"rendezveny_idojaras":[182],"rendezveny_celcsoport":[184,185,186,187,188],"rendezveny_megkozelites":[],"class_list":["post-2059","rendezveny","type-rendezveny","status-publish","hentry","rendezveny_kategoria-helyi","rendezveny_kategoria-ingyenes","rendezveny_kategoria-unnep","rendezveny_idojaras-fedett-helyen","rendezveny_celcsoport-csaladoknak","rendezveny_celcsoport-fiataloknak","rendezveny_celcsoport-gyerekeknek","rendezveny_celcsoport-paroknak","rendezveny_celcsoport-szenioroknak"],"acf":[],"_links":{"self":[{"href":"https:\/\/hajduszoboszlo.hu\/pl\/wp-json\/wp\/v2\/rendezveny\/2059","targetHints":{"allow":["GET"]}}],"collection":[{"href":"https:\/\/hajduszoboszlo.hu\/pl\/wp-json\/wp\/v2\/rendezveny"}],"about":[{"href":"https:\/\/hajduszoboszlo.hu\/pl\/wp-json\/wp\/v2\/types\/rendezveny"}],"wp:attachment":[{"href":"https:\/\/hajduszoboszlo.hu\/pl\/wp-json\/wp\/v2\/media?parent=2059"}],"wp:term":[{"taxonomy":"rendezveny_kategoria","embeddable":true,"href":"https:\/\/hajduszoboszlo.hu\/pl\/wp-json\/wp\/v2\/rendezveny_kategoria?post=2059"},{"taxonomy":"rendezveny_idojaras","embeddable":true,"href":"https:\/\/hajduszoboszlo.hu\/pl\/wp-json\/wp\/v2\/rendezveny_idojaras?post=2059"},{"taxonomy":"rendezveny_celcsoport","embeddable":true,"href":"https:\/\/hajduszoboszlo.hu\/pl\/wp-json\/wp\/v2\/rendezveny_celcsoport?post=2059"},{"taxonomy":"rendezveny_megkozelites","embeddable":true,"href":"https:\/\/hajduszoboszlo.hu\/pl\/wp-json\/wp\/v2\/rendezveny_megkozelites?post=2059"}],"curies":[{"name":"wp","href":"https:\/\/api.w.org\/{rel}","templated":true}]}}

<p class="wp-block-paragraph"><strong>12 grudnia w Miejskim Centrum Kultury im. Máté Kovácsa zapanuje prawdziwa atmosfera adwentu.</strong> Na Adwentowym Targu Kreatywnym goście mogą wybierać spośród unikalnych, wykonanych z sercem produktów lokalnych i okolicznych rzemieślników.</p>



<p class="wp-block-paragraph">Jarmark to świetna okazja, by znaleźć wyjątkowe prezenty świąteczne, zanurzając się jednocześnie w kameralnej atmosferze przedświątecznych przygotowań.</p>



<p class="wp-block-paragraph"><strong>Data</strong><br>12 grudnia 2026 r., godz. 10:00–19:00<br><strong>Lokalizacja</strong><br>Miejskie Centrum Kultury i Biblioteka Kovács Máté</p>



<p class="wp-block-paragraph"><strong>Wstęp jest bezpłatny.</strong></p>



<p class="wp-block-paragraph">Więcej szczegółów wkrótce.</p>
