{"id":2059,"date":"2026-09-03T09:08:41","date_gmt":"2026-09-03T09:08:41","guid":{"rendered":"https:\/\/hajduszoboszlo.hu\/?post_type=rendezveny&#038;p=2059"},"modified":"2026-09-03T09:08:41","modified_gmt":"2026-09-03T09:08:41","slug":"adventny-kreativny-trh","status":"publish","type":"rendezveny","link":"https:\/\/hajduszoboszlo.hu\/sk\/rendezveny\/adventi-kreativ-market\/","title":{"rendered":"Adventn\u00fd kreat\u00edvny trh"},"content":{"rendered":"<p class=\"wp-block-paragraph\"><strong>12. decembra sa do Mestsk\u00e9ho kult\u00farneho centra M\u00e1t\u00e9 Kov\u00e1cs vnesie skuto\u010dn\u00e1 adventn\u00e1 atmosf\u00e9ra.<\/strong> Na Adventnom kreat\u00edvnom trhu si n\u00e1v\u0161tevn\u00edci m\u00f4\u017eu vybera\u0165 spomedzi jedine\u010dn\u00fdch v\u00fdrobkov, ktor\u00e9 s l\u00e1skou vyrobili miestni a okolit\u00ed remeseln\u00edci.<\/p>\n\n\n\n<p class=\"wp-block-paragraph\">Trh je skvelou pr\u00edle\u017eitos\u0165ou na n\u00e1jdenie jedine\u010dn\u00fdch viano\u010dn\u00fdch dar\u010dekov a z\u00e1rove\u0148 na to, aby sme sa ponorili do \u00fatulnej atmosf\u00e9ry pr\u00edprav na sviatky.<\/p>\n\n\n\n<p class=\"wp-block-paragraph\"><strong>D\u00e1tum<\/strong><br>12. decembra 2026, 10:00 \u2013 19:00<br><strong>Umiestnenie<\/strong><br>Mestsk\u00e9 kult\u00farne centrum a kni\u017enica Kov\u00e1cs M\u00e1t\u00e9<\/p>\n\n\n\n<p class=\"wp-block-paragraph\"><strong>Vstup je bezplatn\u00fd.<\/strong><\/p>\n\n\n\n<p class=\"wp-block-paragraph\">\u010eal\u0161ie podrobnosti \u010doskoro.<\/p>","protected":false},"featured_media":0,"template":"","rendezveny_kategoria":[172,252,179],"rendezveny_idojaras":[182],"rendezveny_celcsoport":[184,185,186,187,188],"rendezveny_megkozelites":[],"class_list":["post-2059","rendezveny","type-rendezveny","status-publish","hentry","rendezveny_kategoria-helyi","rendezveny_kategoria-ingyenes","rendezveny_kategoria-unnep","rendezveny_idojaras-fedett-helyen","rendezveny_celcsoport-csaladoknak","rendezveny_celcsoport-fiataloknak","rendezveny_celcsoport-gyerekeknek","rendezveny_celcsoport-paroknak","rendezveny_celcsoport-szenioroknak"],"acf":[],"_links":{"self":[{"href":"https:\/\/hajduszoboszlo.hu\/sk\/wp-json\/wp\/v2\/rendezveny\/2059","targetHints":{"allow":["GET"]}}],"collection":[{"href":"https:\/\/hajduszoboszlo.hu\/sk\/wp-json\/wp\/v2\/rendezveny"}],"about":[{"href":"https:\/\/hajduszoboszlo.hu\/sk\/wp-json\/wp\/v2\/types\/rendezveny"}],"wp:attachment":[{"href":"https:\/\/hajduszoboszlo.hu\/sk\/wp-json\/wp\/v2\/media?parent=2059"}],"wp:term":[{"taxonomy":"rendezveny_kategoria","embeddable":true,"href":"https:\/\/hajduszoboszlo.hu\/sk\/wp-json\/wp\/v2\/rendezveny_kategoria?post=2059"},{"taxonomy":"rendezveny_idojaras","embeddable":true,"href":"https:\/\/hajduszoboszlo.hu\/sk\/wp-json\/wp\/v2\/rendezveny_idojaras?post=2059"},{"taxonomy":"rendezveny_celcsoport","embeddable":true,"href":"https:\/\/hajduszoboszlo.hu\/sk\/wp-json\/wp\/v2\/rendezveny_celcsoport?post=2059"},{"taxonomy":"rendezveny_megkozelites","embeddable":true,"href":"https:\/\/hajduszoboszlo.hu\/sk\/wp-json\/wp\/v2\/rendezveny_megkozelites?post=2059"}],"curies":[{"name":"wp","href":"https:\/\/api.w.org\/{rel}","templated":true}]}}

Adventný kreatívny trh

<p class="wp-block-paragraph"><strong>12. decembra sa do Mestského kultúrneho centra Máté Kovács vnesie skutočná adventná atmosféra.</strong> Na Adventnom kreatívnom trhu si návštevníci môžu vyberať spomedzi jedinečných výrobkov, ktoré s láskou vyrobili miestni a okolití remeselníci.</p>



<p class="wp-block-paragraph">Trh je skvelou príležitosťou na nájdenie jedinečných vianočných darčekov a zároveň na to, aby sme sa ponorili do útulnej atmosféry príprav na sviatky.</p>



<p class="wp-block-paragraph"><strong>Dátum</strong><br>12. decembra 2026, 10:00 – 19:00<br><strong>Umiestnenie</strong><br>Mestské kultúrne centrum a knižnica Kovács Máté</p>



<p class="wp-block-paragraph"><strong>Vstup je bezplatný.</strong></p>



<p class="wp-block-paragraph">Ďalšie podrobnosti čoskoro.</p>
